{"id":1197,"date":"2022-04-21T07:38:17","date_gmt":"2022-04-21T07:38:17","guid":{"rendered":"https:\/\/www.ubibeneibipatria.at\/?page_id=1197"},"modified":"2023-11-22T16:13:22","modified_gmt":"2023-11-22T16:13:22","slug":"ueber-uns","status":"publish","type":"page","link":"https:\/\/www.ubibeneibipatria.at\/?page_id=1197","title":{"rendered":"\u00dcber Uns"},"content":{"rendered":"<p style=\"text-align: left;\"><a href=\"https:\/\/www.ubibeneibipatria.at\/wp-content\/uploads\/2022\/04\/15.jpeg\"><img loading=\"lazy\" class=\"wp-image-1179 alignleft\" src=\"https:\/\/www.ubibeneibipatria.at\/wp-content\/uploads\/2022\/04\/15-225x300.jpeg\" alt=\"\" width=\"170\" height=\"227\" srcset=\"https:\/\/www.ubibeneibipatria.at\/wp-content\/uploads\/2022\/04\/15-225x300.jpeg 225w, https:\/\/www.ubibeneibipatria.at\/wp-content\/uploads\/2022\/04\/15-768x1024.jpeg 768w, https:\/\/www.ubibeneibipatria.at\/wp-content\/uploads\/2022\/04\/15-1152x1536.jpeg 1152w, https:\/\/www.ubibeneibipatria.at\/wp-content\/uploads\/2022\/04\/15-45x60.jpeg 45w, https:\/\/www.ubibeneibipatria.at\/wp-content\/uploads\/2022\/04\/15.jpeg 1200w\" sizes=\"(max-width: 170px) 100vw, 170px\" \/><\/a><span class=\"dropcap\">R<\/span>ebecca, geb. 1968 in Hallstatt und aufgewachsen in der Gosau. Fr\u00fcher viel mehr Luxusgirl als LKW-Globetrotterin, erstmalig von Karl vor vielen Jahren zu einer Reise im 3-Achs-LKW eingeladen (einzige &#8222;Wohnausstattung&#8220; war eine hinten im Aufbau stehende, Mini-Ausziehcouch,&#8230;). Es ging zum 24-Stunden Rennen nach Le Mans und weiter an die franz\u00f6sische Atlantikk\u00fcste. Nach den ersten N\u00e4chten mit gelegentlichen Anf\u00e4llen von Platzangst, war die Faszination zum komplett unabh\u00e4ngigen Reisen da. Sie liebt ihr altes &#8222;Fiat-Barchetta Emozione S&#8220; Cabrio und hat f\u00fcr die Panamericana-Reise schon ein bi\u00dfchen Spanisch gelernt (danke Lourdes, Du beste aller Spanisch-Lehrerinnen!) und noch kurz vor Abreise den LKW-F\u00fchrerschein gemacht. Der Wunsch nach einer eigenen Harley Davidson lebt weiter, vielleicht wird&#8217;s was nach der R\u00fcckkehr in zwei Jahren &#8211; ihr nervenstarker LKW-Fahrlehrer ist f\u00fcr Trainingsfahrten bereits vorgewarnt! Auf der Reise ist sie zust\u00e4ndig f\u00fcr s\u00e4mtliche Vorab-Informationen \u00fcber die zu befahrende Region inkl. Sehensw\u00fcrdigkeiten,\u00a0 sowie f\u00fcr die Navigation was bei etwaigem\u00a0 &#8222;Navi&#8220;-Versagen auch schon mal zu groben Verstimmungen zwischen Fahrer und Beifahrerin f\u00fchrt, die meistens aber nur kurz anhalten, sobald das Ziel dann doch irgendwie, irgendwann erreicht wird&#8230;<\/p>\n<p>und<\/p>\n<p><a href=\"https:\/\/www.ubibeneibipatria.at\/wp-content\/uploads\/2022\/04\/Unterwegs_19.jpeg\"><img loading=\"lazy\" class=\"wp-image-1117 alignleft\" src=\"https:\/\/www.ubibeneibipatria.at\/wp-content\/uploads\/2022\/04\/Unterwegs_19-225x300.jpeg\" alt=\"\" width=\"164\" height=\"218\" srcset=\"https:\/\/www.ubibeneibipatria.at\/wp-content\/uploads\/2022\/04\/Unterwegs_19-225x300.jpeg 225w, https:\/\/www.ubibeneibipatria.at\/wp-content\/uploads\/2022\/04\/Unterwegs_19-768x1024.jpeg 768w, https:\/\/www.ubibeneibipatria.at\/wp-content\/uploads\/2022\/04\/Unterwegs_19-1152x1536.jpeg 1152w, https:\/\/www.ubibeneibipatria.at\/wp-content\/uploads\/2022\/04\/Unterwegs_19-45x60.jpeg 45w, https:\/\/www.ubibeneibipatria.at\/wp-content\/uploads\/2022\/04\/Unterwegs_19.jpeg 1536w\" sizes=\"(max-width: 164px) 100vw, 164px\" \/><\/a><\/p>\n<p>Karl, geb. 1953 und aufgewachsen in Linz. Seit seiner Jugend Benzin im Blut, fr\u00fcher Porsche, Corvette und Lamborghini, gro\u00dfe 3-Achs-LKWs, Rennmotorr\u00e4der von Husqvarna, Honda, Husaberg&#8230; und heute KTM-Adventure, Moto Guzzi, Toyota HZJ 79 und (eigentlich mehr Rebecca zuliebe) Unimog, geblieben ist die oftmals umgebaute Harley Davidson. Er ist die Camel-Trophy und sp\u00e4ter Rallyes wie Paris-Dakar und Transsyberia gefahren und vor allem ist er derjenige, an dem sich korrupte Grenzbeamte auf der ganzen Welt die Z\u00e4hne ausbei\u00dfen, der keine Herausforderung scheut und in jeder noch so brenzligen Situationen die Nerven beh\u00e4lt. Egal ob um 04.00 Uhr fr\u00fch durch den Souk von Casablanca oder auf (gesperrten) Pisten 500 km abseits der Zivilisation im Westen von Australien,&#8230; mit ihm w\u00fcrde Rebecca \u00fcberall hingehen&#8230;!<\/p>\n<p>&nbsp;<\/p>\n<p>Nicht unerw\u00e4hnt darf hier bleiben, dass jeder von uns einen gro\u00dfartigen Sohn hat, wir sind unendlich stolz auf die beiden, die unabh\u00e4ngig ihrer Wege gehen und sehr erfolgreich in ihren Jobs sind! Danke an Euch zwei, dass ihr immer da seid wenn wir Euch brauchen! Wie versprochen, werden wir gut auf uns aufpassen und w\u00fcrden uns sehr freuen, Euch unterwegs mal irgendwo zu treffen.<\/p>\n<p>&nbsp;<\/p>\n<p><a href=\"https:\/\/www.ubibeneibipatria.at\/wp-content\/uploads\/2022\/04\/03.jpeg\"><img loading=\"lazy\" class=\"wp-image-1167 alignleft\" src=\"https:\/\/www.ubibeneibipatria.at\/wp-content\/uploads\/2022\/04\/03-225x300.jpeg\" alt=\"\" width=\"166\" height=\"221\" srcset=\"https:\/\/www.ubibeneibipatria.at\/wp-content\/uploads\/2022\/04\/03-225x300.jpeg 225w, https:\/\/www.ubibeneibipatria.at\/wp-content\/uploads\/2022\/04\/03-768x1024.jpeg 768w, https:\/\/www.ubibeneibipatria.at\/wp-content\/uploads\/2022\/04\/03-1152x1536.jpeg 1152w, https:\/\/www.ubibeneibipatria.at\/wp-content\/uploads\/2022\/04\/03-45x60.jpeg 45w, https:\/\/www.ubibeneibipatria.at\/wp-content\/uploads\/2022\/04\/03.jpeg 1200w\" sizes=\"(max-width: 166px) 100vw, 166px\" \/><\/a><\/p>\n<p>Kennen- und lieben gelernt haben wir uns vor gut 20 Jahren im Gasteinertal, von Beginn an teilten wir eine gro\u00dfe Leidenschaft, n\u00e4mlich das Reisen in m\u00f6glichst ferne L\u00e4nder, abseits touristischer Pfade. Doch auch bei uns hatten die G\u00f6tter den Schwei\u00df vor den Erfolg gestellt und so haben wir, zuletzt mit einem Hotel in Bad Ischl, bis zum Sommer 2021 &#8222;selbst und st\u00e4ndig&#8220;, aber immer mit Enthusiasmus und vollem Einsatz, unseren Beruf &#8222;gelebt&#8220;. Gro\u00dfartige Bad Ischler Freunde sind zu unseren Gasteiner Freundschaften hinzugekommen, viele liebe Stammg\u00e4ste haben uns in den letzten Jahren die Treue gehalten, der Verkauf ist uns daher wirklich sehr, sehr schwer gefallen, aber man muss die Chance n\u00fctzen wenn man sie bekommt und \u00fcber Tr\u00e4ume nicht immer nur reden&#8230;<\/p>\n<p>&nbsp;<\/p>\n<p>&nbsp;<\/p>\n<p><a href=\"https:\/\/www.ubibeneibipatria.at\/wp-content\/uploads\/2022\/04\/04.jpeg\"><img loading=\"lazy\" class=\" wp-image-1168 alignleft\" src=\"https:\/\/www.ubibeneibipatria.at\/wp-content\/uploads\/2022\/04\/04-225x300.jpeg\" alt=\"\" width=\"177\" height=\"236\" srcset=\"https:\/\/www.ubibeneibipatria.at\/wp-content\/uploads\/2022\/04\/04-225x300.jpeg 225w, https:\/\/www.ubibeneibipatria.at\/wp-content\/uploads\/2022\/04\/04-768x1024.jpeg 768w, https:\/\/www.ubibeneibipatria.at\/wp-content\/uploads\/2022\/04\/04-1152x1536.jpeg 1152w, https:\/\/www.ubibeneibipatria.at\/wp-content\/uploads\/2022\/04\/04-45x60.jpeg 45w, https:\/\/www.ubibeneibipatria.at\/wp-content\/uploads\/2022\/04\/04.jpeg 1200w\" sizes=\"(max-width: 177px) 100vw, 177px\" \/><\/a>So oft es irgendwie ging, waren wir von Beginn unserer Beziehung an in der Welt unterwegs. Erst waren es, zeitlich notgedrungen, kurze St\u00e4dtetrips von wenigen Tagen, oder im Sommer Kurztrips mit unserer Harley Davidson (die Pannen k\u00f6nnten ein Buch f\u00fcllen, trotzdem wird die Harley Rebecca&#8217;s Lieblingsmotorrad bleiben,&#8230;). Es folgten Reisen\u00a0 nach Barbados, Sansibar, Thailand, M\u00e9xico, in den Oman und nach Westaustralien im gemieteten Toyota Landcruiser mit Dachzelt und dann &#8211; schon mit unserem Unimog durch viele Regionen Europas, nach Korsika und Sizilien, sowie 6 Wochen durch Marokko und 6 Wochen rund um Tunesien und zum &#8222;Verlorenen See&#8220;. Am liebsten fahren wir alleine, da wir unseren eigenen Rhythmus nicht gerne an andere anpassen, Globetrotter-Freundschaften zwischendurch nat\u00fcrlich nicht ausgeschlossen!\u00a0 Ein Highlight und f\u00fcr uns unvergessen bleibt der Flug nach Denver mit anschlie\u00dfendem Roadtrip auf einer gemieteten Harley Davidson nach Sturgis zum weltweit gr\u00f6\u00dften Harley Davidson Treffen mit \u00fcber 500.000 Motorr\u00e4dern aus der gesamten USA. Der Traum von der Panamericana vefolgt uns seit vielen Jahren und nun ist er wahr geworden und wir werden jede Sekunde davon genie\u00dfen! Ubi bene ibi patria!<\/p>\n","protected":false},"excerpt":{"rendered":"<p>Rebecca, geb. 1968 in Hallstatt und aufgewachsen in der Gosau. Fr\u00fcher viel mehr Luxusgirl als LKW-Globetrotterin, erstmalig von Karl vor vielen Jahren zu einer Reise im 3-Achs-LKW eingeladen (einzige &#8222;Wohnausstattung&#8220; war eine hinten im Aufbau stehende, Mini-Ausziehcouch,&#8230;). Es ging zum 24-Stunden Rennen nach Le Mans und weiter an die franz\u00f6sische Atlantikk\u00fcste. Nach den ersten N\u00e4chten &hellip; <\/p>\n","protected":false},"author":1,"featured_media":1168,"parent":0,"menu_order":0,"comment_status":"closed","ping_status":"closed","template":"","meta":[],"_links":{"self":[{"href":"https:\/\/www.ubibeneibipatria.at\/index.php?rest_route=\/wp\/v2\/pages\/1197"}],"collection":[{"href":"https:\/\/www.ubibeneibipatria.at\/index.php?rest_route=\/wp\/v2\/pages"}],"about":[{"href":"https:\/\/www.ubibeneibipatria.at\/index.php?rest_route=\/wp\/v2\/types\/page"}],"author":[{"embeddable":true,"href":"https:\/\/www.ubibeneibipatria.at\/index.php?rest_route=\/wp\/v2\/users\/1"}],"replies":[{"embeddable":true,"href":"https:\/\/www.ubibeneibipatria.at\/index.php?rest_route=%2Fwp%2Fv2%2Fcomments&post=1197"}],"version-history":[{"count":41,"href":"https:\/\/www.ubibeneibipatria.at\/index.php?rest_route=\/wp\/v2\/pages\/1197\/revisions"}],"predecessor-version":[{"id":5484,"href":"https:\/\/www.ubibeneibipatria.at\/index.php?rest_route=\/wp\/v2\/pages\/1197\/revisions\/5484"}],"wp:featuredmedia":[{"embeddable":true,"href":"https:\/\/www.ubibeneibipatria.at\/index.php?rest_route=\/wp\/v2\/media\/1168"}],"wp:attachment":[{"href":"https:\/\/www.ubibeneibipatria.at\/index.php?rest_route=%2Fwp%2Fv2%2Fmedia&parent=1197"}],"curies":[{"name":"wp","href":"https:\/\/api.w.org\/{rel}","templated":true}]}}